?
False
Let p(a) = -21*a - 8. Is p(-11) a prime number?
True
Suppose -2*l + 211 = 53. Is l a prime number?
True
Suppose -4*p - 2*o = -7 - 5, -20 = -4*p + 2*o. Suppose p*y = 8*y - 644. Is y a prime number?
False
Let g(i) = 77 - 66 - 2*i**3 - 5*i + 2*i**2 - 5*i**2. Is g(-5) composite?
False
Let r = 1 + -1. Suppose 0 = -5*y - r + 5, 0 = -c - 5*y - 17. Is (13/2)/((-1)/c) composite?
True
Let n(v) = -69*v + 1. Is n(-4) prime?
True
Let m(v) = -v**3 - v**2 - v + 7. Let a be m(0). Suppose -4*n + a = -37. Is n a composite number?
False
Let a = 83 - -46. Suppose h = 4*f - 0*h - a, 0 = 2*f + h - 57. Is f composite?
False
Let m = -2695 + 4590. Is m a prime number?
False
Let o be 4*(-1 + (-62)/(-4)). Let h = -20 + o. Let l = 117 + h. Is l a composite number?
True
Let b = 493 - 182. Suppose 4*c = 165 + b. Is c a prime number?
False
Let b = -4872 + 9025. Is b a composite number?
False
Is (-2253)/(-4) - (-1)/(-4) composite?
False
Suppose 4*t = j + 3*j + 88, 56 = 4*t + 4*j. Suppose 2*c + 12 = 5*f, -2*f - 2*c + t = 2. Suppose -f*w + 73 + 19 = 0. Is w composite?
False
Suppose h + 2 = 4. Let c(p) = -23*p**2 - 2*p + 1. Let k(a) = -22*a**2 - 2*a + 1. Let i(o) = 5*c(o) - 6*k(o). Is i(h) a composite number?
False
Let f(i) = 4*i - 1 + 18*i**2 + 2 + 1 + 1. Is f(-2) a prime number?
True
Suppose 2965 = 5*l + 930. Is l prime?
False
Suppose 4*t - 3 = -5*o, 0 = 4*o - 0*t - t + 6. Let r(a) = -220*a. Let f be r(o). Suppose -29 = -l - 5*h + 50, 4*l - f = 4*h. Is l prime?
True
Let x(k) = 24*k**2 - k - 2. Let t be x(2). Let p = t + -53. Is 6/(-39) - (-1371)/p prime?
False
Let g(h) = 16*h**2 - h - 5. Is g(4) composite?
True
Is 631/(-2 + (-12)/(-4)) a prime number?
True
Let x(b) = -b**3 - 4*b**2 + 5*b - 2. Let c be x(-5). Let v be -2 + (-259)/(-1) + c. Suppose 5*r - v = -4*u, 2*r + r - 175 = 2*u. Is r prime?
False
Let v(c) be the first derivative of 57*c**2 - 2*c - 3. Is v(2) a composite number?
True
Let w(q) = 14*q**3 + 2*q**2 + 3*q + 4. Is w(3) prime?
True
Suppose 4*i - 2*x - 6 = 0, 3*i + x = -4*x + 37. Suppose 4*l = i, 4*j - 4*l + 4 = -0*j. Suppose j = -6*z + z + 30. Is z prime?
False
Suppose q + 336 = 2*m + 23, 2*q = -2*m + 316. Is m a composite number?
False
Let l = -75 - -264. Suppose -l = -m - 32. Is m prime?
True
Let s(n) = -71*n - 2. Let l(v) = 1. Let q(m) = 6*l(m) + s(m). Is q(-3) prime?
False
Let z(i) = 3*i**3 - 7*i**2 + 6*i - 4. Let y be z(5). Suppose 2*w - 13 + 5 = 0. Suppose 0 = -w*o + 2*o + y. Is o a prime number?
True
Suppose 4*r + 538 = 5*r. Let k be 377/(-1 + 2 + 0). Let v = r - k. Is v prime?
False
Suppose 0*c = -5*m + 5*c + 30, 2*c = 4*m - 18. Suppose m*g = -5*k + 245, 5*k = 4*k + 4*g + 72. Suppose -a = 3*a - k. Is a composite?
False
Let p = -8 + 8. Suppose -o - o = p. Suppose o = -5*t - 2*j + 27, -1 = -3*t - j - 4*j. Is t a prime number?
True
Let u be 57/9 + 4/6. Let p = u + -7. Suppose -5*v + 90 + 235 = p. Is v a composite number?
True
Is 18807 - -1*20/(-5) a prime number?
True
Let d be -4 - -289 - (0 - 0). Suppose -4*t + 7*t = d. Is t prime?
False
Let v = 3 - 1. Let u = 8 + v. Is u a composite number?
True
Let x be 1/2 - (-154)/4. Let k = x + -76. Is k/(1*2/(-2)) prime?
True
Let l(g) = -g**2 + 77. Let j(s) = -s - 5. Let v be j(-5). Is l(v) a composite number?
True
Is ((-11370)/45)/(4/18*-3) composite?
False
Let l(p) = -88*p - 15. Is l(-12) prime?
False
Let v(h) be the third derivative of 5*h**4/6 + 2*h**3/3 - h**2. Let j be v(4). Let p = -49 + j. Is p composite?
True
Let z = -13 + 15. Suppose -z*n + 0 = -74. Is n prime?
True
Let f(c) = 4*c + 3. Let n = 0 - 2. Let v be f(n). Let y(m) = -5*m. Is y(v) composite?
True
Suppose -3*q - 1 = 17. Let r = 11 + q. Suppose -r*k = -k - 124. Is k a prime number?
True
Suppose -7*r + 3*r + 72 = 0. Suppose 0 = -5*u + 2*x + 30, 5*x + r = 3*u + 4*x. Is u prime?
False
Let g be 1 + -4*1*-4. Let t = 63 - g. Is t a composite number?
True
Let z(x) = 9*x + 5. Suppose -4*l = 5*r - 18 - 29, 5*l + r - 43 = 0. Is z(l) a composite number?
True
Suppose 8*s - 13*s = 2360. Is s/12*(-3)/2 a prime number?
True
Let f = -2766 + 4043. Is f a prime number?
True
Suppose 0 = 3*v - 0 - 27. Is (530/(-15))/((-6)/v) prime?
True
Suppose 3*k + k + 5*h - 374 = 0, 4*k = 2*h + 360. Is k a composite number?
True
Let p(g) = g**3 - 6*g**2 - 5*g - 10. Let z be p(7). Suppose z*d - 164 = -16. Is d a composite number?
False
Suppose 3*m - 3*l - 34 = 2*l, 5*m - l = 20. Suppose -m*u + 48 = 3*w, -35 = -2*w + u - 4*u. Is w composite?
False
Let x be (63/(-6))/(2/16). Let z = x + 269. Suppose r - z = 5*v + 58, 0 = -r - 2*v + 271. Is r composite?
False
Let p(j) = j + 3. Let o be p(-12). Is (296/12)/((-6)/o) composite?
False
Suppose f - 2*f - 8 = 0. Let p = f - -13. Is (-1 + -18)*-1*p a composite number?
True
Suppose -2*z - 5176 = -10*z. Is z composite?
False
Let o = -440 - -305. Let c = o - -246. Is c composite?
True
Let x = 163 + 1936. Is x a prime number?
True
Suppose -2 = 2*x - 3*x. Is -2*x*22/(-8) a composite number?
False
Is 8109/18 + 2/4 a composite number?
True
Let s be (-2)/(-2) - (-6 + 1). Suppose 0 = s*f - 3*f - 66. Is f prime?
False
Suppose -4*z - 12 = 0, 0 = -3*l - 3*z + 1691 - 353. Is l a composite number?
False
Let n be (2 + 22/(-8))*4. Let m(y) = -6*y**3 + 2*y - 2. Let d be m(n). Suppose -3*o = -o - d. Is o composite?
True
Let p(h) = -19*h + 4. Let n be p(-4). Suppose 5*o - n = o. Suppose -2*m = -4*m + o. Is m a prime number?
False
Suppose 0 = -3*o + 6*o. Let m be o - 0 - (-2 + 0). Suppose 2*x - 520 = -5*g - 77, 2*x = -m*g + 176. Is g prime?
True
Let k = -41 + 114. Let x = -52 + k. Is x a prime number?
False
Let o = -714 + 1093. Is o a prime number?
True
Let p = 10 + -6. Suppose 4*q = 4*c - 0*q - 3884, 5*c + p*q = 4819. Is c prime?
True
Let a = 75 + 176. Is a a composite number?
False
Let z be 2/6*(-1 - -7). Suppose 45 = z*j + 3*j. Suppose j - 44 = -g. Is g prime?
False
Suppose -3*n - 2*n + 721 = -2*a, -a = -2. Is n composite?
True
Suppose 2*g + 5*w = -14, -g - 4*w + 8 = 21. Suppose d + 211 - 47 = 2*c, g*d + 243 = 3*c. Is c a prime number?
True
Suppose -4*z + 5*m + 702 = 0, z - m = -0*m + 176. Suppose -2*a + a = f - 75, -2*f = -5*a - z. Is f a composite number?
False
Suppose 5*y - 28 = -4*p, -y = 5*p + 5 - 19. Suppose p*j + 70 = 3*m, -15 = 2*m + 2*j - 75. Is m a prime number?
False
Let c = -58 - -89. Is c a composite number?
False
Let h(m) = -m + 5. Let q be h(-5). Let r be ((-118)/(-4))/((-5)/q). Let b = -10 - r. Is b prime?
False
Suppose 2*r = -11 + 29. Suppose -m + 0*m = -r. Is m prime?
False
Let r(b) be the second derivative of -b**8/6720 - b**7/420 - b**6/144 - 7*b**5/120 - b**4/6 - b. Let w(n) be the third derivative of r(n). Is w(-7) prime?
False
Let t = 2394 - 1646. Let d = -357 + t. Is d prime?
False
Let r(h) = -4*h**3 - 2*h - 1. Let k be r(-1). Suppose 5*f = 3*d + 34, 3*d = k*f + d - 31. Suppose 0*o + 615 = f*o. Is o prime?
False
Suppose 116 = 5*u - 5*o + 11, 42 = 2*u - 5*o. Suppose -5*y + 15 = 0, -2*t - u = -3*t - 5*y. Is t composite?
True
Let l = -3 - 7. Let p(s) = s**3 + 10*s**2 - 14*s - 6. Is p(l) a composite number?
True
Let z = 130 - 93. Let c be (-2 - 2)*(-1)/(-2). Is -1*c/2*z composite?
False
Let f(r) = -r. Let o(u) = 2*u**2 + 13*u - 9. Let l(k) = 5*f(k) + o(k). Is l(-7) a prime number?
False
Let z = -43 - -78. Is z a prime number?
False
Let a(m) = 12*m**2 - 1. Suppose o - 2*n - 5 = 0, -20 = -4*o - 3*n - 0*n. Suppose -20 = 5*k - o*g, -2*k - 12 + 1 = -3*g. Is a(k) a composite number?
False
Let c(f) = f**3 - 6*f**2 + 14*f - 16. Is c(11) a composite number?
False
Suppose 0 = -9*u + 4*u + 15. Suppose v + 6 = 2*v + n, 4*n + u = -v. Suppose -z + 28 = v. Is z prime?
True
Let q(a) = -153*a + 1. Let i be 3 - (1 - (-9)/(-3)). Suppose 19 + 8 = -h + i*t, -4*h + 2*t - 18 = 0. Is q(h) a prime number?
True
Suppose 4*u = -2*s - 36, -2*s + 34 = -5*s - 2*u. Let n = s + 4. Let x(d) = -8*d + 5. Is x(n) a prime number?
True
Is (5/(-2) + -1)*(-8 + -3458) a prime number?
False
Let o = -3 - -1. Let n be 6/3 - 0/o. Suppose -w - 15 = -n*w. Is w a composite number?
True
Is (51002/35)/(2/5) a prime number?
True
Let w(z) = z**3 + 2*z**2 + 4*z - 4. Let s = 26 + -13. Suppose -4*p = -s + 1. Is w(p) prime?
True
Suppose -2*h + 4*h = -32. Let c = -12 - h. Is c composite?
True
Let m be (-49 - -1)*(0 + 1). Let p = 163 + m. Let b = p - 62. Is b a composite number?
False
Let